{"id":202,"date":"2018-08-30T13:06:39","date_gmt":"2018-08-30T11:06:39","guid":{"rendered":"http:\/\/ohelnaftali.com\/?page_id=202"},"modified":"2019-07-17T08:33:11","modified_gmt":"2019-07-17T06:33:11","slug":"batei-midrachot","status":"publish","type":"page","link":"https:\/\/ohelnaftali.com\/index.php\/nos-activites\/batei-midrachot\/","title":{"rendered":"BATEI MIDRACHOT"},"content":{"rendered":"<p>[vc_row][vc_column width=&#8221;1\/3&#8243;][vc_column_text]<\/p>\n<h5><strong>Fixer un temps d\u2019\u00e9tude quotidien<\/strong> pour la Torah est l\u2019ambition de nombreux juifs. C\u2019est pourquoi \u00e0 Ohel Naftali, nous a voulu leur faciliter les choses.<\/h5>\n<h5>Ainsi, les <strong>Batei Midrachot<\/strong> (lieux d\u2019\u00e9tude) g\u00e9r\u00e9s par nos soins dans les villes de Netanya, Guivat Shmouel, Tel Aviv et Bnei Brak permettent \u00e0 chacun de trouver la formule qui lui convient\u00a0: Avant ou apr\u00e8s le travail, en bin\u00f4me ou en groupe d\u2019\u00e9tude, matin ou soir, pr\u00e8s du lieu de travail ou du domicile\u2026 Tous les moyens sont mis en \u0153uvre pour r\u00e9ussir\u2026 et <strong>les r\u00e9sultats sont probants<\/strong> !<\/h5>\n<p>[\/vc_column_text][\/vc_column][vc_column width=&#8221;2\/3&#8243;][vc_single_image image=&#8221;243&#8243; img_size=&#8221;full&#8221; alignment=&#8221;right&#8221; css_animation=&#8221;fadeIn&#8221;][\/vc_column][\/vc_row][vc_row][vc_column width=&#8221;1\/4&#8243;][vc_single_image image=&#8221;665&#8243; img_size=&#8221;3544&#215;3544&#8243;][\/vc_column][vc_column width=&#8221;3\/4&#8243;][vc_gallery interval=&#8221;3&#8243; images=&#8221;520,519,521,518&#8243; img_size=&#8221;912 \u00d7 684&#8243;][\/vc_column][\/vc_row][vc_row][vc_column width=&#8221;3\/4&#8243;][vc_gallery interval=&#8221;3&#8243; images=&#8221;517,338,339&#8243; img_size=&#8221;912 \u00d7 684&#8243;][\/vc_column][vc_column width=&#8221;1\/4&#8243;][vc_single_image image=&#8221;667&#8243; img_size=&#8221;3544&#215;3544&#8243;][\/vc_column][\/vc_row][vc_row][vc_column width=&#8221;1\/4&#8243;][vc_single_image image=&#8221;673&#8243; img_size=&#8221;3544&#215;3544&#8243;][\/vc_column][vc_column width=&#8221;3\/4&#8243;][vc_gallery interval=&#8221;3&#8243; images=&#8221;522,523,524,334,335&#8243; img_size=&#8221;912 \u00d7 684&#8243;][\/vc_column][\/vc_row][vc_row][vc_column width=&#8221;3\/4&#8243;][vc_gallery interval=&#8221;3&#8243; images=&#8221;528,529,530,531,533,347,341&#8243; img_size=&#8221;912 \u00d7 684&#8243;][\/vc_column][vc_column width=&#8221;1\/4&#8243;][vc_single_image image=&#8221;844&#8243; img_size=&#8221;3544&#215;3544&#8243;][\/vc_column][\/vc_row][vc_row][vc_column][vc_column_text]<\/p>\n<h1 style=\"text-align: center;\">RETROUVEZ L&#8217;ENSEMBLE DE NOS COURS EN ISRAEL<\/h1>\n<p>[\/vc_column_text][vc_column_text]<\/p>\n<p style=\"text-align: center;\">\n<table id=\"tablepress-1\" class=\"tablepress tablepress-id-1\">\n<thead>\n<tr class=\"row-1 odd\">\n\t<th class=\"column-1\">LIEU<\/th><th class=\"column-2\">ADRESSE<\/th><th class=\"column-3\">RESPONSABLE<\/th><th class=\"column-4\">TELEPHONE<\/th><th class=\"column-5\">JOURS &amp; HORAIRES<\/th>\n<\/tr>\n<\/thead>\n<tbody class=\"row-hover\">\n<tr class=\"row-2 even\">\n\t<td class=\"column-1\">Bnei Brak<\/td><td class=\"column-2\">12 Rehov Harav Toledano<br \/>\nBNEI BRAK<\/td><td class=\"column-3\">Rav A. ARROUAS<br \/>\nRav Y. RAHMINE<\/td><td class=\"column-4\">054 841 66 68<br \/>\n052 760 65 83<\/td><td class=\"column-5\">Dimanche au Jeudi<br \/>\n9h00 - 13h00<\/td>\n<\/tr>\n<tr class=\"row-3 odd\">\n\t<td class=\"column-1\">Guivat Shmouel<\/td><td class=\"column-2\">11 Rehov Hanassi<br \/>\nGUIVAT SMOUEL<\/td><td class=\"column-3\">Rav M. REIN<\/td><td class=\"column-4\">052 505 14 35<\/td><td class=\"column-5\">Dimanche, Mardi, Mercredi et Jeudi<br \/>\n20h00 - 22h00<br \/>\nLundi : 19h30 - 22h00<\/td>\n<\/tr>\n<tr class=\"row-4 even\">\n\t<td class=\"column-1\">TEL AVIV<\/td><td class=\"column-2\">12 Rehov Peki'in<br \/>\nTEL AVIV<\/td><td class=\"column-3\">Rav I. ASSAYAG<\/td><td class=\"column-4\">052 906 48 64<\/td><td class=\"column-5\">Dimanche : 20h00 - 22h00<br \/>\nMercredi : 19h30 - 21h30<\/td>\n<\/tr>\n<tr class=\"row-5 odd\">\n\t<td class=\"column-1\">NETANYA<\/td><td class=\"column-2\">Au kikar<\/td><td class=\"column-3\">Rav J. REIN<\/td><td class=\"column-4\">052 888 80 99 <\/td><td class=\"column-5\">Lundi, Mardi et Mercredi<br \/>\n20h00 - 21h00<\/td>\n<\/tr>\n<tr class=\"row-6 even\">\n\t<td class=\"column-1\">NETANYA<\/td><td class=\"column-2\">32 Richone Letsion<br \/>\nNETANYA<\/td><td class=\"column-3\">Rav M. AMMAR<\/td><td class=\"column-4\">053 311 20 71<\/td><td class=\"column-5\">Dimanche au Vendredi : 8h30 - 10h00<br \/>\nDimanche et Mercredi : 8h30 - 11h30<\/td>\n<\/tr>\n<\/tbody>\n<\/table>\n<!-- #tablepress-1 from cache --><\/p>\n<p>[\/vc_column_text][\/vc_column][\/vc_row]<\/p>\n","protected":false},"excerpt":{"rendered":"<p>[vc_row][vc_column width=&#8221;1\/3&#8243;][vc_column_text] Fixer un temps d\u2019\u00e9tude quotidien pour la Torah est l\u2019ambition de nombreux juifs. C\u2019est pourquoi \u00e0 Ohel Naftali, nous a voulu leur faciliter les<span class=\"excerpt-hellip\"> [\u2026]<\/span><\/p>\n","protected":false},"author":1,"featured_media":0,"parent":8,"menu_order":0,"comment_status":"closed","ping_status":"closed","template":"","meta":[],"_links":{"self":[{"href":"https:\/\/ohelnaftali.com\/index.php\/wp-json\/wp\/v2\/pages\/202"}],"collection":[{"href":"https:\/\/ohelnaftali.com\/index.php\/wp-json\/wp\/v2\/pages"}],"about":[{"href":"https:\/\/ohelnaftali.com\/index.php\/wp-json\/wp\/v2\/types\/page"}],"author":[{"embeddable":true,"href":"https:\/\/ohelnaftali.com\/index.php\/wp-json\/wp\/v2\/users\/1"}],"replies":[{"embeddable":true,"href":"https:\/\/ohelnaftali.com\/index.php\/wp-json\/wp\/v2\/comments?post=202"}],"version-history":[{"count":20,"href":"https:\/\/ohelnaftali.com\/index.php\/wp-json\/wp\/v2\/pages\/202\/revisions"}],"predecessor-version":[{"id":845,"href":"https:\/\/ohelnaftali.com\/index.php\/wp-json\/wp\/v2\/pages\/202\/revisions\/845"}],"up":[{"embeddable":true,"href":"https:\/\/ohelnaftali.com\/index.php\/wp-json\/wp\/v2\/pages\/8"}],"wp:attachment":[{"href":"https:\/\/ohelnaftali.com\/index.php\/wp-json\/wp\/v2\/media?parent=202"}],"curies":[{"name":"wp","href":"https:\/\/api.w.org\/{rel}","templated":true}]}}